9427
List the prime factors of 53289550.
2, 5, 1065791
List the prime factors of 89665310.
2, 5, 7, 17, 151, 499
List the prime factors of 413021567.
7, 29, 67, 30367
What are the prime factors of 3887642800?
2, 5, 9719107
What are the prime factors of 60319920?
2, 3, 5, 127, 1979
What are the prime factors of 21628139?
13, 1663703
What are the prime factors of 730377806?
2, 13313, 27431
List the prime factors of 380653459.
380653459
What are the prime factors of 73077995?
5, 2417, 6047
What are the prime factors of 1132034614?
2, 566017307
What are the prime factors of 897423090?
2, 3, 5, 211, 141773
List the prime factors of 462092524.
2, 115523131
What are the prime factors of 225662921?
11, 71, 113, 2557
List the prime factors of 216925442.
2, 108462721
List the prime factors of 52141981.
2699, 19319
List the prime factors of 1181369438.
2, 590684719
What are the prime factors of 290206996?
2, 31, 631, 3709
What are the prime factors of 48975425?
5, 1959017
What are the prime factors of 8476783167?
3, 24329, 116141
What are the prime factors of 12137665?
5, 37, 65609
What are the prime factors of 415314925?
5, 16612597
What are the prime factors of 52904631?
3, 13, 31, 43759
What are the prime factors of 1152000860?
2, 5, 61, 944263
List the prime factors of 28828156.
2, 7, 1029577
List the prime factors of 332778614.
2, 7, 31, 751, 1021
What are the prime factors of 292937661?
3, 41, 409, 647
List the prime factors of 100421462.
2, 31, 1031, 1571
List the prime factors of 283812240.
2, 3, 5, 79, 14969
What are the prime factors of 340820652?
2, 3, 28401721
What are the prime factors of 361404434?
2, 19, 9510643
What are the prime factors of 1344098726?
2, 1753, 383371
What are the prime factors of 73724622?
2, 3, 12287437
List the prime factors of 82067814.
2, 3, 41, 61, 1823
What are the prime factors of 290223909?
3, 29, 61, 18229
List the prime factors of 7489654.
2, 43, 73, 1193
What are the prime factors of 2369141909?
41, 67, 862447
What are the prime factors of 42243352?
2, 1531, 3449
List the prime factors of 233228248.
2, 11, 2650321
What are the prime factors of 44960810?
2, 5, 601, 7481
What are the prime factors of 12125608?
2, 11, 137791
List the prime factors of 102325362.
2, 3, 17054227
List the prime factors of 4018466417.
7, 574066631
List the prime factors of 177038411.
11, 769, 20929
List the prime factors of 3254015786.
2, 7, 232429699
What are the prime factors of 77629237?
7, 11089891
What are the prime factors of 67267304?
2, 13, 683, 947
List the prime factors of 314026625.
5, 11, 228383
List the prime factors of 46166496.
2, 3, 131, 3671
List the prime factors of 130574560.
2, 5, 816091
List the prime factors of 365890752.
2, 3, 19, 67, 499
What are the prime factors of 48858684?
2, 3, 7, 83093
What are the prime factors of 117600964?
2, 13, 2261557
What are the prime factors of 21387077?
21387077
What are the prime factors of 2103544653?
3, 7, 6947, 14419
What are the prime factors of 42008845?
5, 8401769
List the prime factors of 1354988822.
2, 11, 61590401
List the prime factors of 1245854164.
2, 31, 1709, 5879
What are the prime factors of 4278698094?
2, 3, 11, 241, 268999
List the prime factors of 48989477.
48989477
What are the prime factors of 39216520?
2, 5, 7, 227, 617
What are the prime factors of 8576332?
2, 23, 73, 1277
What are the prime factors of 130980772?
2, 13, 167, 15083
What are the prime factors of 2933119329?
3, 7, 4357, 32057
What are the prime factors of 1632169135?
5, 326433827
What are the prime factors of 73791270?
2, 3, 5, 7, 39043
List the prime factors of 342754974.
2, 3, 61, 83, 3761
List the prime factors of 606587346.
2, 3, 11233099
What are the prime factors of 868145371?
149, 1669, 3491
What are the prime factors of 1899015955?
5, 131, 2899261
List the prime factors of 280774231.
53, 557, 9511
List the prime factors of 1126383884.
2, 31, 9083741
List the prime factors of 594028872.
2, 3, 547, 15083
What are the prime factors of 2356805?
5, 11, 73, 587
What are the prime factors of 2835492231?
3, 11, 13, 83, 79633
What are the prime factors of 122727457?
122727457
List the prime factors of 362719877.
13, 83, 336163
What are the prime factors of 4675158678?
2, 3, 17, 1471, 31159
List the prime factors of 94489968.
2, 3, 1968541
What are the prime factors of 194900673?
3, 11, 61, 96821
List the prime factors of 20414372.
2, 11, 463963
What are the prime factors of 16719987?
3, 97, 57457
What are the prime factors of 822448666?
2, 13, 947, 33403
What are the prime factors of 157813047?
3, 7, 2504969
List the prime factors of 893352593.
7, 127621799
List the prime factors of 196321977.
3, 31, 703663
What are the prime factors of 131884603?
131884603
What are the prime factors of 2706248785?
5, 17, 31838221
List the prime factors of 1253490453.
3, 199, 3517
List the prime factors of 230895671.
230895671
List the prime factors of 689409243.
3, 19, 4031633
List the prime factors of 1663417046.
2, 831708523
List the prime factors of 175377978.
2, 3, 521, 18701
List the prime factors of 492240705.
3, 5, 11, 79, 3433
List the prime factors of 1946408582.
2, 643, 1513537
What are the prime factors of 2687722435?
5, 537544487
What are the prime factors of 5865895163?
29, 191, 1059017
What are the prime factors of 5283650201?
17, 310802953
What are the prime factors of 73722230?
2, 5, 127, 58049
What are the prime factors of 146675076?
2, 3, 12222923
List the prime factors of 2676850.
2, 5, 11, 31, 157
What are the prime factors of 40486342?
2, 13, 389, 4003
What are the prime factors of 500008606?
2, 250004303
List the prime factors of 150199059.
3, 67, 747259
List the prime factors of 116935142.
2, 89, 656939
What are the prime factors of 1859300927?
11, 71, 2380667
What are the prime factors of 516278078?
2, 258139039
What are the prime factors of 33108809?
17, 131, 14867
What are the prime factors of 54255484?
2, 47, 131, 2203
What are the prime factors of 1254779651?
23, 1427, 38231
List the prime factors of 554830217.
554830217
List the prime factors of 84822180.
2, 3, 5, 17, 137, 607
List the prime factors of 5658336195.
3, 5, 377222413
List the prime factors of 191665740.
2, 3, 5, 7, 137, 3331
What are the prime factors of 117928547?
11, 10720777
What are the prime factors of 13234821?
3, 23, 59, 3251
What are the prime factors of 44112421?
44112421
What are the prime factors of 23420912?
2, 53, 71, 389
List the prime factors of 91112928.
2, 3, 17, 55829
What are the prime factors of 70235868?
2, 3, 5852989
What are the prime factors of 205717341?
3, 229, 251, 1193
List the prime factors of 439304044.
2, 109826011
What are the prime factors of 114601764?
2, 3, 9550147
What are the prime factors of 463997730?
2, 3, 5, 7, 293, 7541
What are the prime factors of 61327766?
2, 397, 77239
What are the prime factors of 73083116?
2, 487, 37517
What are the prime factors of 137246042?
2, 109, 629569
What are the prime factors of 543753473?
5669, 95917
List the prime factors of 137060940.
2, 3, 5, 127, 17987
List the prime factors of 1975477311.
3, 219497479
What are the prime factors of 21207701?
41, 517261
What are the prime factors of 1034744377?
1034744377
List the prime factors of 276659189.
3001, 92189
List the prime factors of 125389797.
3, 13, 19, 169217
List the prime factors of 66436168.
2, 727, 11423
What are the prime factors of 892086066?
2, 3, 1571, 31547
List the prime factors of 2800745542.
2, 7, 523, 382511
What are the prime factors of 11351573?
73, 155501
List the prime factors of 2098792758.
2, 3, 349798793
List the prime factors of 18848402.
2, 9424201
What are the prime factors of 333576797?
23, 14503339
What are the prime factors of 49309982?
2, 24654991
What are the prime factors of 2682757102?
2, 13331, 100621
List the prime factors of 173961389.
7, 24851627
List the prime factors of 5825841.
3, 7, 277421
What are the prime factors of 138611674?
2, 3673, 18869
What are the prime factors of 928412682?
2, 3, 383, 404009
What are the prime factors of 1136287509?
3, 7, 7729847
What are the prime factors of 3607628010?
2, 3, 5, 7, 317, 54193
List the prime factors of 349893791.
13, 271, 99317
What are the prime factors of 16061933?
113, 307, 463
What are the prime factor